*g**3 + 57*g**2 + 234*g - 1. What are the prime factors of u(-4)?
3, 41, 389
List the prime factors of 834506/33 - (5916/(-396) + 15).
2, 29, 109
What are the prime factors of 2/(-4) - 57/(-6)*4411?
2, 3, 97
List the prime factors of (-2)/(8011084/572223 - 14).
3, 10039
What are the prime factors of 145/203 - (1482999/(-49) - 0)?
2, 37, 409
Suppose 83 = z - 5*n - 31, -3*z + 3*n = -330. Let s = -105 + z. List the prime factors of (62*3/1)/(-3 + s).
2, 3, 31
Let q be 3 + (1 + (-19)/7)*-105. Let b = -153 + q. What are the prime factors of b?
2, 3, 5
List the prime factors of (224/(-168))/((8/(-4197))/4).
2, 1399
Let t(p) = 74*p**2 - 8*p + 636. List the prime factors of t(24).
2, 3, 37, 97
Let q(p) = p**2 + 2*p - 8. Let w be q(-4). Suppose -y + w*y - 461 = -2*h, 4*h - 937 = -3*y. List the prime factors of h.
2, 29
Suppose -162 = 6*o - 12*o. Suppose 4*l + 2*a + 32 = 0, 0 = -4*l + a - 5 - o. List the prime factors of (-2)/(-4) + (-308)/l + 1.
2, 5
Let k(w) = -w**3 - 5*w**2 - 9*w - 6. Let h = 27 + -32. Let o be k(h). Let s = 158 - o. List the prime factors of s.
7, 17
Let l = 219976 + -147563. List the prime factors of l.
11, 29, 227
Let m(r) = 3620*r**3 - r**2 + r + 1. List the prime factors of m(1).
3, 17, 71
Suppose 49*g + 6*g = 31*g + 124248. What are the prime factors of g?
31, 167
Suppose -12031 = -5*g - 4*u + 5028, -10249 = -3*g + u. Let t = g - 1847. List the prime factors of t.
2, 7
Suppose 0 = 4*z + 4*g - 6496, -3*z - 2*g = -g - 4862. List the prime factors of z.
1619
Let g(f) = -16*f**3 - 6*f + 5. Let z be g(7). Let h = 203 - 254. What are the prime factors of 4/(-3) + z/h?
107
What are the prime factors of (9/((-9)/(-16)))/(3/3282)?
2, 547
Suppose -n = n - 980. Let c be 15/25 - 21/(-15). Suppose c*h + 8 = 0, -3*o - h - h + n = 0. List the prime factors of o.
2, 83
Let k = -13613 + 51607. What are the prime factors of k?
2, 11, 157
Let z = 21740 + -10652. What are the prime factors of z?
2, 3, 7, 11
Let v = -6417 - -11377. What are the prime factors of v?
2, 5, 31
Let h(r) = r - 1. Let a(w) = 61*w + 53. Let c(t) = -2*a(t) - 6*h(t). What are the prime factors of c(-8)?
2, 3, 7, 11
Let z = 5112 + -4469. What are the prime factors of z?
643
Let c(m) be the first derivative of m**2 - 18*m - 11. Let n be c(-11). Let f = n + 67. What are the prime factors of f?
3
Let u(q) = 1527*q**2 + 4*q - 4. Let b be u(1). Let a = b - 1004. List the prime factors of a.
523
Suppose -o = -3, -3*c + 8*o = 10*o - 4455. What are the prime factors of c?
1483
Let o(v) be the second derivative of 47*v**3/6 - 147*v**2/2 + 183*v + 1. What are the prime factors of o(9)?
2, 3, 23
Suppose 7*o = 909 + 29. Let w = o + -119. Suppose w*t - 254 = 961. What are the prime factors of t?
3
Let p = 504 - 68. Let y = p - -147. What are the prime factors of y?
11, 53
Let r = 8018 - 289. What are the prime factors of r?
59, 131
Suppose -12*f = 15*f - 280908. List the prime factors of f.
2, 3, 17
Suppose 4*a - 12 = 0, -9619 = 4*r - 5*a - 29524. List the prime factors of r.
2, 3, 5, 83
List the prime factors of (-6)/(-51) + 7 + 126972/153.
3, 31
Let a be (16/6)/((-10)/15). Let o(z) = -3*z**3 - 4*z**2 + 6*z - 1. Let r be o(a). Let x = r + 39. What are the prime factors of x?
2, 71
Let s(f) = -f + 29. Let m be s(7). Suppose 339 = -m*t + 2781. List the prime factors of t.
3, 37
Let b = 15277 + -8150. What are the prime factors of b?
7127
Suppose -3*p = -52188 - 47916. List the prime factors of p.
2, 43, 97
Let f = -110 + 76. Let l be 1620/(-14) + 4/(-14). Let u = f - l. List the prime factors of u.
2, 41
Suppose -5*n = -5*y - 15, 3*n + 0*y = -2*y + 14. Let c(v) = v**2 - 3*v - 16. Let z be c(n). List the prime factors of 9492/72 - 2/z.
2, 3, 11
Suppose -4*o + 123 = 119. What are the prime factors of 1755/(-30)*(-1 - o)?
3, 13
Suppose -18*k + 17*k = 5*w - 48, -3*w = -3*k + 108. Suppose 0 = 18*d - k - 934. List the prime factors of d.
2, 3
Let d = -1 + 7. Suppose d*o - 12*o = -132. List the prime factors of (11/o)/(1/72).
2, 3
Let q(z) = z**2 + 8*z - 273. Let i be q(13). Suppose i = -b + 997 - 110. List the prime factors of b.
887
What are the prime factors of ((-660)/(-50))/(30/17450)?
2, 11, 349
Let i be ((-356436)/10)/(-6) + 9/(-15). What are the prime factors of (3 - i/(-8)) + 6/(-4)?
2, 3, 31
Let g(f) = 253*f**2 + 5*f + 4. Let o be -1 - 0/(-2 - (-3 + -1)). List the prime factors of g(o).
2, 3, 7
Let a(v) be the second derivative of v**4/12 - v**3/3 + v**2/2 - 34*v - 3. Let t = 11 + -7. List the prime factors of a(t).
3
Suppose -25*z + 20*z + 306844 = -2*b, -5*z = -5*b - 306865. What are the prime factors of z?
2, 61, 503
Let w = 203 + -191. What are the prime factors of 353 + w/(-28) + 16/(-28)?
2, 11
Let j(d) = 17*d**2 + 13*d + 18. Suppose 4*p = -2*x - 24, 5*p + 4 = -3*x - 28. What are the prime factors of j(p)?
2, 7, 17
Let l be (2*1)/((-32)/(-48)). Let m = l - -145. Suppose 4*v = 8*v - m. List the prime factors of v.
37
Let r(c) = -c**3 - 6*c**2 - 6*c - 5. Let y = -163 + 63. Let j be y/15 - 10/(-15). List the prime factors of r(j).
31
Let b = 16112 - 8923. List the prime factors of b.
7, 13, 79
Suppose -k = 4*q - 66 + 4, -4*k + 320 = -2*q. List the prime factors of (k/(-8))/(5 - (-1442)/(-280)).
5, 13
Suppose 0 = -7*v + 9*v + 8. Let t be (-6)/(-12)*13 + 2/v. Suppose 12*j - t*j - 180 = 0. List the prime factors of j.
2, 3, 5
Suppose s = -4*s - 130. Let k = 35 + s. Suppose -5*c - 5*g + 35 = 0, 3*c - k = -4*g + 7. List the prime factors of c.
2, 3
Let f(h) = 22*h**2 + 3*h - 16. Let c be f(-7). Let j = c + -697. What are the prime factors of j?
2, 43
Suppose 5*y = -5, 4*k - k + 20 = -2*y. What are the prime factors of (27/k)/(615/310 - 2)?
3, 31
Suppose 142*r = 146*r - 8. List the prime factors of (-330)/(-33)*25/r.
5
Suppose 0 = -35*t + 82*t - 309918. What are the prime factors of t?
2, 3, 7, 157
Let m(u) = -5*u**2 + u + 8. Let z be m(0). Suppose -z*p + 1165 = -3*p. List the prime factors of p.
233
Let h(q) = -124*q + 2*q**2 + 243*q + 7 - 124*q. List the prime factors of h(-12).
5, 71
Suppose 0 = 21*u - 24*u + 24. Suppose u*v + 26 = -254. Let q = v - -76. What are the prime factors of q?
41
Let v(t) = -t**3 + 16*t**2 + 23*t + 9. Let h be v(17). Let c = 141 - h. What are the prime factors of c?
2, 3, 5
Suppose -21 = -5*j - 0*x + 2*x, 0 = -4*j - 5*x - 3. Suppose -j*l = -146 - 178. Let d = -61 + l. List the prime factors of d.
47
Let a = 113 + -96. List the prime factors of a/(102/(-26) - -4).
13, 17
Let c = 355 + -132. Let y be 4 + 1 + 0/(-1). Suppose -y*q + c = -62. List the prime factors of q.
3, 19
Let j(o) = -o**3 - 29*o**2 + 26*o + 20. Suppose 7*h = -96 - 114. What are the prime factors of j(h)?
2, 5, 7
Let l(s) be the third derivative of s**4/12 + 295*s**3/6 - 2*s**2 - 26. What are the prime factors of l(0)?
5, 59
Let m be 6 + (2118 - (-7 + 14)). Let c = m + -761. What are the prime factors of c?
2, 3, 113
Suppose 9267 = -3*u + 18105. What are the prime factors of u?
2, 3, 491
Suppose 36 = 4*x - 48. Suppose -31713 = -12*y - x*y. List the prime factors of y.
31
Let m = -555 - -557. Suppose -m*b = -741 + 79. List the prime factors of b.
331
Let a = -293 - -342. Suppose -2784 = a*r - 55*r. List the prime factors of r.
2, 29
Let s(t) = -t**3 - 11*t**2 - 22*t - 52. Let j(u) = -u**2 + 36*u - 11. Let n be j(36). List the prime factors of s(n).
2, 5, 19
Let a(p) = p**3 + 10*p**2 + 8*p - 17. Let o be a(-9). List the prime factors of ((-396)/(-21))/(o/(-28)).
2, 3, 11
Let s = 145 + -146. What are the prime factors of (s/2)/(6/(-4764))?
397
Suppose -2*g + 164 = 3*u - 3562, -3742 = -2*g + 5*u. List the prime factors of g.
2, 3, 311
Let w(a) = 10*a + a + 15 - a**2 - 37. Let i be w(7). Suppose -i*s + 150 = -s. What are the prime factors of s?
2, 3, 5
Let z(k) = -k**3 + 9*k**2 - 12*k + 1. Let w be z(5). Let d = 49 - w. Suppose d*a - 590 = 3*a. What are the prime factors of a?
2, 59
Suppose 4*o = -3*r + 6*r + 40, 4*o = 5*r + 48. Suppose o = -12*a + 763. List the prime factors of a.
3, 7
Let j = 5 - 3. Let c = 3011 + -3006. What are the prime factors of c/(-2)*j*(-231)/5?
3, 7, 11
List the prime factors of (-800 + 298)*(-3)/((-12)/(-142)).
71, 251
Suppose 26*b + 32*b = 51*b + 8666. What are the prime factors of b?
2, 619
Let h be (-1)/(-1) - ((6 - -1) + -11). Suppose -830 = -h*i + 3*g + g, g = i